= -0*c + 36. Let x(y) = -y - 4. What is x(c)?
4
Let i(d) = -d - 1. Let x(l) = 1. Let n(z) = -i(z) - 3*x(z). Calculate n(5).
3
Let l = 14 - 10. Suppose 0 = -l*i + i. Let j(d) = d - 1. Determine j(i).
-1
Let i(r) = -r - 2. Let j(u) = -2*u - 4. Let f(o) = -5*i(o) + 3*j(o). Determine f(5).
-7
Let p(l) = -l**3 + l**2 - l + 1. Let c(r) be the second derivative of -3*r**5/20 + r**4/2 + r**3/2 + r**2/2 - r. Let h(a) = -c(a) + 2*p(a). Give h(5).
1
Let q(x) = x. Let l(p) = -p**2 - 8*p + 9. Let b(j) = l(j) + 3*q(j). Calculate b(-7).
-5
Let a(j) = j**2 + 2*j - 27 + 36 - 5*j - 4*j. Let i be -4 - (-2 - 0) - -8. Give a(i).
3
Let d(m) = 9*m. Let b(j) = j**3 + j**2 - 2*j. Let z be b(-2). Suppose k + z = -1. Calculate d(k).
-9
Let c(g) = -7*g**3 - 13*g**2 + 19*g + 10. Let r(o) = -4*o**3 - 7*o**2 + 10*o + 5. Let z(w) = 3*c(w) - 5*r(w). Let x(k) = -5*k**2. Let l be x(1). Determine z(l).
-5
Let c(w) = w**3 - 3*w**2 - w - 4. Let i = -8 + 8. Suppose 0 = -4*q - i*q + 48. Suppose q = 4*h - h. Give c(h).
8
Let c(d) = -4*d**3 - 5*d + 6*d**3 - d**3 + 2*d**2 - 2. Calculate c(-3).
4
Let z(m) be the first derivative of -5/2*m**2 + 1/3*m**3 + 8 + 3*m. Let n = 9 - 6. Give z(n).
-3
Let o(u) = 2*u**3 - 4*u**2 - 4*u - 7. Let k(z) = z**3 - 2*z**2 + z**2 - 2*z - 3 - z**2. Let c = -3 - -5. Let j(l) = c*o(l) - 5*k(l). Determine j(3).
-2
Suppose 0 = -2*c + 5*c - 6. Let i(r) = 3*r - r**2 + r + c - 4*r + r. Determine i(2).
0
Let q(t) = 257*t**2 + 3 - 252*t**2 - 4. What is q(-1)?
4
Let d(q) = 1 - 4*q + 5*q - 7 - 1. Determine d(5).
-2
Suppose -2*y + 5*n + 14 = y, 0 = -2*n - 2. Let t(x) be the second derivative of -x**4/12 + x**3/2 - x**2 - 32*x. Give t(y).
-2
Let g(i) = -i - 6. Let o(u) = u**2 + u. Let r be o(-2). Let m(q) = 3*q - 10*q + 3 - r*q + q**2. Let s be m(8). Give g(s).
-1
Let r(h) = -h**2 + 6*h - 2. Let m be r(5). Let k(b) = b - 5*b + m*b - 4. Calculate k(3).
-7
Let s(c) = -2*c + 1. Let f = 4 - 6. Let b be f - -1*(-1)/(-1). Let r = -2 + b. What is s(r)?
7
Suppose -i + 4*h + 0 = 4, 5*h + 6 = 4*i. Suppose -i*f = -6*f. Let g(z) = 5*z**2 + f*z**3 - z**3 - z**2. Determine g(4).
0
Let m(u) = 3*u**3 - 2*u**2 + 4*u - 2. Let k(a) be the second derivative of -a**5/5 + a**4/12 - 5*a**3/6 + a**2 - 3*a. Let x(t) = 2*k(t) + 3*m(t). Give x(3).
-5
Let h = 4 + -4. Suppose -d + 2 = -h*d. Let w(j) be the first derivative of -j**4/4 + 4*j**3/3 - 2*j**2 + 3*j - 1. Calculate w(d).
3
Let j(l) be the third derivative of l**8/10080 + l**7/1260 + l**5/15 - l**2. Let o(t) be the third derivative of j(t). Determine o(-3).
6
Let x(f) = f**3 - 1. Let q(j) = -5*j**3 - 3*j**2 - 2*j + 5. Let c(v) = q(v) + 4*x(v). Give c(-3).
7
Let h = -50 + 55. Let g(t) = 4*t - 6. Give g(h).
14
Let l(h) be the third derivative of -2*h**2 + 0*h + 0 - 1/24*h**4 + 1/15*h**5 + 0*h**3. What is l(-1)?
5
Let a(o) = -5*o**3. Let p(z) = 33*z**3. Let c(d) = 35*a(d) + 5*p(d). Determine c(-1).
10
Let o(c) = c**2 - 4*c + 4. Let h = -14 + 8. Let u be 3 + (-3 - h) + -1. Give o(u).
9
Let s = 6 - 9. Let w(t) be the first derivative of t**4/12 + t**3/3 - 3*t**2/2 - 3. Let v(o) be the second derivative of w(o). Calculate v(s).
-4
Let r(l) = -8*l**3 + 7*l**2 + 7*l - 12. Let f(z) = -7*z**3 + 6*z**2 + 6*z - 12. Let g(v) = 7*f(v) - 6*r(v). What is g(0)?
-12
Let p = 14 - 8. Let o(d) be the third derivative of -1/60*d**5 + 5/24*d**4 + 1/2*d**3 + 0*d + 3*d**2 + 0. What is o(p)?
-3
Let l(p) = p**3 + 5*p**2 + p - 5. Let o = 5 - 2. Let m(k) = 4*k**2 + 4 - 3*k - o + 1 - 2*k**3. Let b be m(2). Give l(b).
7
Let b(x) be the third derivative of -x**6/120 - 7*x**5/60 - x**4/3 - 7*x**3/6 - 2*x**2. Let l = -8 + 2. Calculate b(l).
5
Let x = -7 - 2. Let y(g) = g + 10. Let n be y(x). Let o(s) = 2 + 0 - s - 1. Give o(n).
0
Suppose 155 = -6*x + x. Let u be (x/(-3))/(2/6). Suppose -22 = -2*f - 4*w, f + 4*f + 2*w = u. Let b(p) = 2*p - 4. What is b(f)?
6
Let p(w) = w**3 + 6*w**2 - 2*w - 6. Let u be p(-6). Suppose -2*c = -c + u. Let h(r) = -r - 2. Determine h(c).
4
Let j be 10*1*(2 + -1). Let o be 138/18 - 2/(-6). Let z = o - j. Let k(g) = 2*g + 3. Determine k(z).
-1
Let q(z) = z**2 - z + 1. Let b(x) = -7*x**2 - 3. Let f(y) = b(y) + 6*q(y). What is f(-7)?
-4
Let j(y) = y - 1. Suppose 5*d = -h - 11, -2*d = -h + 3*h - 2. Determine j(d).
-4
Let b(g) = g**2 - 3*g + 4. Let k(p) = -3*p**2 + 7*p - 9. Let z(h) = 5*b(h) + 2*k(h). Give z(-3).
-4
Let p be (-3 - -8) + -2 + (-6 - 0). Let b be 0 + 0 - (-3)/3. Let h(x) = x**2 + 4*x - 3 + b - 2*x. Give h(p).
1
Let o = -2 - 3. Let l(r) be the first derivative of -r**5/60 - 5*r**4/24 + r**3 - r**2/2 + 2. Let q(v) be the second derivative of l(v). Calculate q(o).
6
Let h(d) be the second derivative of -d**6/360 - d**5/60 - d**4/6 - d. Let t(m) be the third derivative of h(m). Calculate t(-6).
10
Let b be 0 - 0/(-3) - -4. Let u(c) be the first derivative of -4*c**2 + b*c**2 + 3*c - 2*c**2 - 2 + c**2. Calculate u(2).
-1
Let l(c) = c**2 - 8*c + 2. Let z(r) = -r - 1. Let j(d) = -l(d) + 2*z(d). Give j(4).
4
Let a(k) = -k**2 + 2. Let w be a(0). Let q be (-1 - 2/(-2)) + w. Let l be q/6*(0 + 3). Let o(i) = -i**3 + i**2 - i + 1. Determine o(l).
0
Let i(n) be the second derivative of 3*n**8/2240 + n**5/120 + 2*n**4/3 + 9*n. Let o(y) be the third derivative of i(y). Determine o(-1).
-8
Let x(v) = v**3 - 1. Let a(w) be the third derivative of -w**5/60 + w**4/6 - w**3/3 + 4*w**2. Let i be a(3). Give x(i).
0
Suppose 0 = h - 3 + 1. Let a(f) = 1 - f**3 + f**2 - 4*f**h + 0 - f - 2. Determine a(-2).
-3
Suppose 0 = -q + n + 4, -2*n = 4*q - 3 - 7. Let x(m) = -m**3 + 4*m**2 - m - 4. Determine x(q).
2
Let k(b) = -b**3 + 11*b**2 - 11*b + 15. Let f be k(10). Suppose w = 1 + f. Suppose 0*z + 3*z = w. Let m(h) = -h + 2. Give m(z).
0
Let j(k) = k**3 - k**2 + k + 3. Let l(n) = 5*n**3 - 6*n**2 + 6*n + 16. Let q be -1 - (-3 - -4 - 0). Let g(w) = q*l(w) + 11*j(w). What is g(0)?
1
Let w(o) = 5*o + 0*o - 10 + 0*o - o. Let j(z) = -1 + 1 + z. Let r(c) = 5*j(c) - w(c). What is r(-5)?
5
Suppose -5*o = -14 - 1. Suppose -3*w = -3*k + o, -2*k + 7*w = 4*w + 1. Suppose -k*q = -q - 6. Let p(v) = -2*v**2 + 3*v - 2. What is p(q)?
-4
Let x(b) be the first derivative of b**2/2 - b - 1. Let f be x(-1). Let u(p) = -7*p + 4*p + 3 + 6*p + 2*p. What is u(f)?
-7
Suppose 0 = -4*j + 2*a - 2, -6*j - 4 = -3*j - a. Let w(i) = i**2 + 3*i + 1. Calculate w(j).
1
Let o(a) be the first derivative of a**4/4 + 5*a**3/3 + 6*a + 7. Give o(-5).
6
Let u(h) = 5*h. Let l be 0*(1 + 9/(-6)). Let g be -1*(l/2 - -1). Determine u(g).
-5
Suppose -4*m - 10 = -2*q, -4*m - 4 = -2*q - 2*m. Let h(j) = 2 - 1 - j - 2*j - 2. What is h(q)?
2
Let i(y) = -y**3 + 4*y**2 + 2*y - 3. Suppose 12*h - 105 = -45. Calculate i(h).
-18
Let f(c) = 16*c - 25. Let q(w) = -5*w + 8. Let r(x) = 2*f(x) + 7*q(x). Calculate r(6).
-12
Let f(c) = -2*c + 4. Suppose -4 = 4*k - 5*k - 3*w, -4*w + 27 = -3*k. Determine f(k).
14
Let c(j) = j + 1. Let s(i) = -i**2 - i + 7. Let o(a) = 6*c(a) - s(a). Give o(-3).
-13
Let m be (-15)/3 - 1*-1. Suppose 5*j = -3*h + h + 12, 0 = -5*j - 5*h + 15. Let v(a) = -a + a + 0*a - 4*a**j - a**3 - 3. Determine v(m).
-3
Let v(o) = 2*o - 4. Let g(k) = 3*k**2 + 5*k. Let m be g(-4). Let i be (m/(-8))/((-1)/2). Suppose -i*q + 2*q = -20. Determine v(q).
4
Let a(y) = -2*y - 2. Suppose 0 = -l - 3*l + 8. Let m be a(l). Let j(i) = i**3 + 7*i**2 + 8*i + 6. What is j(m)?
-6
Suppose -4*v - 8 = -4*c, v + 1 = -2*c + 5. Let q be (c/(-3))/(1/3). Let b(y) = -y**2 - 3*y - 1. Give b(q).
1
Let l = 16 + -6. Suppose -z + 4*u + 6 = 0, -7*u = -3*z - 3*u + l. Let g(w) = -w**2 - 2*w. Let y(h) = -h**2 - 2*h. Let p(i) = -3*g(i) + 2*y(i). Calculate p(z).
8
Let g = -4 - -8. Suppose -30 = g*u - 6. Let a(f) = -f**3 - 5*f**2 + 6*f - 3. What is a(u)?
-3
Let i = -12 + 7. Let v(n) = n + 1. Let g(q) be the second derivative of 5*q**3/6 + 3*q**2/2 - 3*q. Let l(s) = g(s) - 6*v(s). Determine l(i).
2
Let r(l) be the first derivative of l**2 - 17*l + 4. Let s(d) = d - 8. Let h(n) = 3*r(n) - 7*s(n). Determine h(6).
-1
Let b(w) = 4 - w + 0*w + 3 - 2. Calculate b(-6).
11
Let s(t) = 4*t - t**2 - 1 - 1 - 4*t**2. What is s(2)?
-14
Suppose -y + 3*y = 2*q - 18, -2*q - 3*y - 2 = 0. Let p be 18/8 - 5/20. Let m(i) = -1 + 2 + p*i - i. What is m(q)?
6
Let h(f) = 7 - 3*f**2 + 0*f + 3*f + 4*f + 4*f**2. Suppose m + 3 = -2. Give h(m).
-3
Suppose i = -3*z + 6*i + 35, -28 = -4*z +